{"id":22,"date":"2016-02-12T08:11:05","date_gmt":"2016-02-12T08:11:05","guid":{"rendered":"http:\/\/demos.famethemes.com\/onepress\/?page_id=22"},"modified":"2024-01-15T22:30:20","modified_gmt":"2024-01-15T21:30:20","slug":"our-vision","status":"publish","type":"page","link":"https:\/\/mobiler-familienservice.de\/?page_id=22","title":{"rendered":"Fachstelle f\u00fcr pflegende Angeh\u00f6rige"},"content":{"rendered":"\n<p class=\"has-black-color has-text-color has-link-color wp-elements-449f7033647376a4ba918a568b480eee\">Wir unterst\u00fctzen Angeh\u00f6rige und Personen im Landkreis M\u00fchldorf, die Menschen mit und ohne Pflegegrad betreuen und versorgen. <\/p>\n\n\n\n<p class=\"has-black-color has-text-color has-link-color wp-elements-3af2ead8583927d68ee03d91b59b4ab8\">Wir beraten Sie kostenfrei zu allen Themen rund um Pflege und Versorgung, der h\u00e4uslichen Betreuung sowie zu den Leistungsanspr\u00fcchen gegen\u00fcber den Pflegekassen. Des Weiteren erhalten Sie bei uns Informationen \u00fcber Hilfsangebote, Finanzierung, rechtliche Themen sowie psychische Entlastung.<\/p>\n\n\n\n<div style=\"height:30px\" aria-hidden=\"true\" class=\"wp-block-spacer\"><\/div>\n\n\n\n<p><\/p>\n\n\n\n<div class=\"wp-block-media-text has-media-on-the-right is-stacked-on-mobile\"><div class=\"wp-block-media-text__content\">\n<p class=\"has-vivid-red-color has-text-color has-link-color wp-elements-9d83ae3e20e4192b809ce77589af001d\"><strong>Unsere Leistungen:<\/strong><\/p>\n\n\n\n<ul class=\"wp-block-list\">\n<li>Kostenlose und individuelle Beratungen: \n<ul class=\"wp-block-list\">\n<li>Hausbesuch<\/li>\n\n\n\n<li>telefonische Unterst\u00fctzung<\/li>\n\n\n\n<li>in unseren B\u00fcror\u00e4umen<\/li>\n<\/ul>\n<\/li>\n\n\n\n<li>Hilfe bei psycho-sozialen Anforderungen mit L\u00f6sungsstrategien<\/li>\n\n\n\n<li>Vermittlung von Kooperationspartnern und weiteren Hilfsangeboten<\/li>\n<\/ul>\n<\/div><figure class=\"wp-block-media-text__media\"><img loading=\"lazy\" decoding=\"async\" width=\"1024\" height=\"683\" src=\"https:\/\/mobiler-familienservice.de\/wp-content\/uploads\/2023\/06\/20-Beratung_grau_Sarah_Monika_20200123_0002-15-1024x683.jpg\" alt=\"\" class=\"wp-image-1522 size-full\" srcset=\"https:\/\/mobiler-familienservice.de\/wp-content\/uploads\/2023\/06\/20-Beratung_grau_Sarah_Monika_20200123_0002-15-1024x683.jpg 1024w, https:\/\/mobiler-familienservice.de\/wp-content\/uploads\/2023\/06\/20-Beratung_grau_Sarah_Monika_20200123_0002-15-300x200.jpg 300w, https:\/\/mobiler-familienservice.de\/wp-content\/uploads\/2023\/06\/20-Beratung_grau_Sarah_Monika_20200123_0002-15-768x513.jpg 768w, https:\/\/mobiler-familienservice.de\/wp-content\/uploads\/2023\/06\/20-Beratung_grau_Sarah_Monika_20200123_0002-15-1536x1025.jpg 1536w, https:\/\/mobiler-familienservice.de\/wp-content\/uploads\/2023\/06\/20-Beratung_grau_Sarah_Monika_20200123_0002-15-2048x1367.jpg 2048w\" sizes=\"auto, (max-width: 1024px) 100vw, 1024px\" \/><\/figure><\/div>\n","protected":false},"excerpt":{"rendered":"<p>Nullam ut tempor eros. Donec faucibus, velit et imperdiet aliquam, lacus velit luctus urna, vitae porttitor orci libero id felis.<\/p>\n","protected":false},"author":2,"featured_media":0,"parent":0,"menu_order":0,"comment_status":"closed","ping_status":"closed","template":"template-fullwidth.php","meta":{"footnotes":""},"class_list":["post-22","page","type-page","status-publish","hentry"],"_links":{"self":[{"href":"https:\/\/mobiler-familienservice.de\/index.php?rest_route=\/wp\/v2\/pages\/22","targetHints":{"allow":["GET"]}}],"collection":[{"href":"https:\/\/mobiler-familienservice.de\/index.php?rest_route=\/wp\/v2\/pages"}],"about":[{"href":"https:\/\/mobiler-familienservice.de\/index.php?rest_route=\/wp\/v2\/types\/page"}],"author":[{"embeddable":true,"href":"https:\/\/mobiler-familienservice.de\/index.php?rest_route=\/wp\/v2\/users\/2"}],"replies":[{"embeddable":true,"href":"https:\/\/mobiler-familienservice.de\/index.php?rest_route=%2Fwp%2Fv2%2Fcomments&post=22"}],"version-history":[{"count":7,"href":"https:\/\/mobiler-familienservice.de\/index.php?rest_route=\/wp\/v2\/pages\/22\/revisions"}],"predecessor-version":[{"id":1596,"href":"https:\/\/mobiler-familienservice.de\/index.php?rest_route=\/wp\/v2\/pages\/22\/revisions\/1596"}],"wp:attachment":[{"href":"https:\/\/mobiler-familienservice.de\/index.php?rest_route=%2Fwp%2Fv2%2Fmedia&parent=22"}],"curies":[{"name":"wp","href":"https:\/\/api.w.org\/{rel}","templated":true}]}}

Fachstelle für pflegende Angehörige

<p class="has-black-color has-text-color has-link-color wp-elements-449f7033647376a4ba918a568b480eee">Wir unterstützen Angehörige und Personen im Landkreis Mühldorf, die Menschen mit und ohne Pflegegrad betreuen und versorgen. </p>



<p class="has-black-color has-text-color has-link-color wp-elements-3af2ead8583927d68ee03d91b59b4ab8">Wir beraten Sie kostenfrei zu allen Themen rund um Pflege und Versorgung, der häuslichen Betreuung sowie zu den Leistungsansprüchen gegenüber den Pflegekassen. Des Weiteren erhalten Sie bei uns Informationen über Hilfsangebote, Finanzierung, rechtliche Themen sowie psychische Entlastung.</p>



<div style="height:30px" aria-hidden="true" class="wp-block-spacer"></div>



<p></p>



<div class="wp-block-media-text has-media-on-the-right is-stacked-on-mobile"><div class="wp-block-media-text__content">
<p class="has-vivid-red-color has-text-color has-link-color wp-elements-9d83ae3e20e4192b809ce77589af001d"><strong>Unsere Leistungen:</strong></p>



<ul class="wp-block-list">
<li>Kostenlose und individuelle Beratungen: 
<ul class="wp-block-list">
<li>Hausbesuch</li>



<li>telefonische Unterstützung</li>



<li>in unseren Büroräumen</li>
</ul>
</li>



<li>Hilfe bei psycho-sozialen Anforderungen mit Lösungsstrategien</li>



<li>Vermittlung von Kooperationspartnern und weiteren Hilfsangeboten</li>
</ul>
</div><figure class="wp-block-media-text__media"><img loading="lazy" decoding="async" width="1024" height="683" src="https://mobiler-familienservice.de/wp-content/uploads/2023/06/20-Beratung_grau_Sarah_Monika_20200123_0002-15-1024x683.jpg" alt="" class="wp-image-1522 size-full" srcset="https://mobiler-familienservice.de/wp-content/uploads/2023/06/20-Beratung_grau_Sarah_Monika_20200123_0002-15-1024x683.jpg 1024w, https://mobiler-familienservice.de/wp-content/uploads/2023/06/20-Beratung_grau_Sarah_Monika_20200123_0002-15-300x200.jpg 300w, https://mobiler-familienservice.de/wp-content/uploads/2023/06/20-Beratung_grau_Sarah_Monika_20200123_0002-15-768x513.jpg 768w, https://mobiler-familienservice.de/wp-content/uploads/2023/06/20-Beratung_grau_Sarah_Monika_20200123_0002-15-1536x1025.jpg 1536w, https://mobiler-familienservice.de/wp-content/uploads/2023/06/20-Beratung_grau_Sarah_Monika_20200123_0002-15-2048x1367.jpg 2048w" sizes="auto, (max-width: 1024px) 100vw, 1024px" /></figure></div>
