{"id":1458,"date":"2022-01-12T20:29:29","date_gmt":"2022-01-12T20:29:29","guid":{"rendered":"http:\/\/mobiler-familienservice.de\/?page_id=1458"},"modified":"2023-04-13T20:55:38","modified_gmt":"2023-04-13T19:55:38","slug":"impressum","status":"publish","type":"page","link":"https:\/\/mobiler-familienservice.de\/?page_id=1458","title":{"rendered":"Impressum"},"content":{"rendered":"\n<div class=\"wp-block-columns is-layout-flex wp-container-core-columns-is-layout-9d6595d7 wp-block-columns-is-layout-flex\">\n<div class=\"wp-block-column is-layout-flow wp-block-column-is-layout-flow\" style=\"flex-basis:66.66%\">\n<p>gem. \u00a7\u00a7 5 TMG; 55 II RStV<\/p>\n\n\n\n<p><\/p>\n\n\n\n<p>Mobiler Familienservice<br>Huterergasse 4<br>84453 M\u00fchldorf am Inn<br>Tel: +49 (0)8631 166371<br>E-Mail: <a href=\"mailto:info@junior-hockey-camp.de\">info@mobiler-familienservice.de<\/a><\/p>\n<\/div>\n<\/div>\n\n\n\n<p><strong>Umsatzsteuer-Identifikationsnummer:<\/strong> <\/p>\n\n\n\n<p><strong>Verantwortlich:<\/strong> Claudia Kastenhuber (Einrichtungsleitung)<\/p>\n\n\n\n<p><strong>Eintragung Vereinsregister:<\/strong><\/p>\n\n\n\n<p><strong>Vertretungsberechtigter Vorstand:<\/strong><br>1. Klara Maria Seeberger<br>2. Peter Kolinski<\/p>\n\n\n\n<p><strong>Inhaltlich Verantwortlicher gem\u00e4\u00df \u00a7 5 TMG:<\/strong> Claudia Kastenhuber (Einrichtungsleitung)<\/p>\n\n\n\n<p><strong>Urheberrechtshinweis<\/strong><br>Alle auf diesen Webseiten ver\u00f6ffentlichen Beitr\u00e4ge und Abbildungen sind urheberrechtlich gesch\u00fctzt. Jede vom Urheberrechtsgesetz nicht zugelassene Verwertung bedarf unserer vorheriger schriftlicher Zustimmung. Dies gilt insbesondere f\u00fcr die Vervielf\u00e4ltigung, Bearbeitung, \u00dcbersetzung, Einspeicherung, Verarbeitung bzw. Wiedergabe von Inhalten in Datenbanken oder anderen elektronischen Medien und Systemen. Fotokopien und Downloads von Webseiten d\u00fcrfen nur f\u00fcr den pers\u00f6nlichen, privaten und nicht kommerziellen Gebrauch hergestellt werden.<\/p>\n\n\n\n<p><strong>Links<\/strong><br>Mit dem Abrufen durch von Links verwiesene Internetseiten, verlassen sie unsere Webseite. Eine Haftung f\u00fcr fremde Inhalte wird nicht \u00fcbernommen.<\/p>\n\n\n\n<p><strong>Unverbindlichkeit der Informationen<\/strong><br>Die Inhalte dieser Webseiten werden mit gr\u00f6\u00dftm\u00f6glicher Sorgfalt recherchiert. Wir \u00fcbernehmen jedoch keine Haftung f\u00fcr die Richtigkeit, Vollst\u00e4ndigkeit und Aktualit\u00e4t der bereitgestellten Informationen.<\/p>\n\n\n\n<p><strong>Copyright<\/strong><br>Jegliche Inhalte von mobiler-familienservice.de d\u00fcrfen nur mit ausdr\u00fccklicher Genehmigung kopiert oder vervielf\u00e4ltigt werden. Das Copyright jeglicher Inhalte liegt, soweit kein anderer Verfasser angegeben, bei mobiler-familienservice.de.<\/p>\n","protected":false},"excerpt":{"rendered":"<p>gem. \u00a7\u00a7 5 TMG; 55 II RStV Mobiler FamilienserviceHuterergasse 484453 M\u00fchldorf am InnTel: +49 (0)8631 166371E-Mail: info@mobiler-familienservice.de Umsatzsteuer-Identifikationsnummer: Verantwortlich: Claudia Kastenhuber (Einrichtungsleitung) Eintragung Vereinsregister: Vertretungsberechtigter Vorstand:1. Klara Maria Seeberger2. Peter &#8230;<\/p>\n","protected":false},"author":1,"featured_media":0,"parent":0,"menu_order":0,"comment_status":"closed","ping_status":"closed","template":"template-fullwidth.php","meta":{"footnotes":""},"class_list":["post-1458","page","type-page","status-publish","hentry"],"_links":{"self":[{"href":"https:\/\/mobiler-familienservice.de\/index.php?rest_route=\/wp\/v2\/pages\/1458","targetHints":{"allow":["GET"]}}],"collection":[{"href":"https:\/\/mobiler-familienservice.de\/index.php?rest_route=\/wp\/v2\/pages"}],"about":[{"href":"https:\/\/mobiler-familienservice.de\/index.php?rest_route=\/wp\/v2\/types\/page"}],"author":[{"embeddable":true,"href":"https:\/\/mobiler-familienservice.de\/index.php?rest_route=\/wp\/v2\/users\/1"}],"replies":[{"embeddable":true,"href":"https:\/\/mobiler-familienservice.de\/index.php?rest_route=%2Fwp%2Fv2%2Fcomments&post=1458"}],"version-history":[{"count":3,"href":"https:\/\/mobiler-familienservice.de\/index.php?rest_route=\/wp\/v2\/pages\/1458\/revisions"}],"predecessor-version":[{"id":1490,"href":"https:\/\/mobiler-familienservice.de\/index.php?rest_route=\/wp\/v2\/pages\/1458\/revisions\/1490"}],"wp:attachment":[{"href":"https:\/\/mobiler-familienservice.de\/index.php?rest_route=%2Fwp%2Fv2%2Fmedia&parent=1458"}],"curies":[{"name":"wp","href":"https:\/\/api.w.org\/{rel}","templated":true}]}}

<div class="wp-block-columns is-layout-flex wp-container-core-columns-is-layout-9d6595d7 wp-block-columns-is-layout-flex">
<div class="wp-block-column is-layout-flow wp-block-column-is-layout-flow" style="flex-basis:66.66%">
<p>gem. §§ 5 TMG; 55 II RStV</p>



<p></p>



<p>Mobiler Familienservice<br>Huterergasse 4<br>84453 Mühldorf am Inn<br>Tel: +49 (0)8631 166371<br>E-Mail: <a href="mailto:info@junior-hockey-camp.de">info@mobiler-familienservice.de</a></p>
</div>
</div>



<p><strong>Umsatzsteuer-Identifikationsnummer:</strong> </p>



<p><strong>Verantwortlich:</strong> Claudia Kastenhuber (Einrichtungsleitung)</p>



<p><strong>Eintragung Vereinsregister:</strong></p>



<p><strong>Vertretungsberechtigter Vorstand:</strong><br>1. Klara Maria Seeberger<br>2. Peter Kolinski</p>



<p><strong>Inhaltlich Verantwortlicher gemäß § 5 TMG:</strong> Claudia Kastenhuber (Einrichtungsleitung)</p>



<p><strong>Urheberrechtshinweis</strong><br>Alle auf diesen Webseiten veröffentlichen Beiträge und Abbildungen sind urheberrechtlich geschützt. Jede vom Urheberrechtsgesetz nicht zugelassene Verwertung bedarf unserer vorheriger schriftlicher Zustimmung. Dies gilt insbesondere für die Vervielfältigung, Bearbeitung, Übersetzung, Einspeicherung, Verarbeitung bzw. Wiedergabe von Inhalten in Datenbanken oder anderen elektronischen Medien und Systemen. Fotokopien und Downloads von Webseiten dürfen nur für den persönlichen, privaten und nicht kommerziellen Gebrauch hergestellt werden.</p>



<p><strong>Links</strong><br>Mit dem Abrufen durch von Links verwiesene Internetseiten, verlassen sie unsere Webseite. Eine Haftung für fremde Inhalte wird nicht übernommen.</p>



<p><strong>Unverbindlichkeit der Informationen</strong><br>Die Inhalte dieser Webseiten werden mit größtmöglicher Sorgfalt recherchiert. Wir übernehmen jedoch keine Haftung für die Richtigkeit, Vollständigkeit und Aktualität der bereitgestellten Informationen.</p>



<p><strong>Copyright</strong><br>Jegliche Inhalte von mobiler-familienservice.de dürfen nur mit ausdrücklicher Genehmigung kopiert oder vervielfältigt werden. Das Copyright jeglicher Inhalte liegt, soweit kein anderer Verfasser angegeben, bei mobiler-familienservice.de.</p>

<p>gem. §§ 5 TMG; 55 II RStV Mobiler FamilienserviceHuterergasse 484453 Mühldorf am InnTel: +49 (0)8631 166371E-Mail: info@mobiler-familienservice.de Umsatzsteuer-Identifikationsnummer: Verantwortlich: Claudia Kastenhuber (Einrichtungsleitung) Eintragung Vereinsregister: Vertretungsberechtigter Vorstand:1. Klara Maria Seeberger2. Peter &#8230;</p>
